ive b(34).
-55
Let o(m) = 19*m + 184. What is o(-3)?
127
Let z(p) = -16*p + 26. What is z(5)?
-54
Let g(q) = -15*q**2 + 15*q - 37. Determine g(4).
-217
Let p(k) = -k**3 + 185*k**2 - 42*k + 7760. Give p(185).
-10
Let s(o) = -13*o**2 - 603*o - 165. What is s(-46)?
65
Let j(i) = -8599*i - 25799. Determine j(-3).
-2
Let z(i) = 2*i**2 + 5*i + 26. Determine z(-4).
38
Let h(t) = -t**3 + t**2 - 46*t + 146. What is h(3)?
-10
Let p(q) = -294*q + 58214. Give p(198).
2
Let p(t) = t + 18. Determine p(-5).
13
Let a(u) = 2*u**3 - 51*u**2 + 190*u - 14. Calculate a(21).
7
Let j(z) = 2*z**3 - 20*z**2 + 68*z + 1. What is j(6)?
121
Let h(y) = y**3 - 75*y**2 - 42. Determine h(75).
-42
Let d(z) = -75*z - 4438. Determine d(-59).
-13
Let l(s) = -4*s**2 - 524*s + 2720. What is l(5)?
0
Let m(r) = -r**2 + 111*r + 80731. What is m(-234)?
1
Let r(q) = -9*q**2 - 402*q - 243. Give r(-44).
21
Let w(q) = 14*q**2 - 295*q + 35. What is w(21)?
14
Let q(g) = -g**3 + 6*g**2 + 6*g - 25. Give q(0).
-25
Let w(i) = -i + 5. Calculate w(28).
-23
Let p(f) = 285*f + 9. Determine p(-1).
-276
Let u(v) = 4*v**2 - 106*v + 425. What is u(4)?
65
Let i(c) = -74*c**3 + 2*c + 51. What is i(0)?
51
Let o(w) = 3*w**2 + 233*w - 226. Give o(-78).
-148
Let g(d) = -73*d**3 - 291*d**2 - 6*d - 42. What is g(-4)?
-2
Let g(l) = 89*l - 6592. Calculate g(74).
-6
Let j(t) = -2*t**2 + 24*t + 205. Calculate j(17).
35
Let r(v) = v**2 + 30*v - 33. Calculate r(-31).
-2
Let h(a) = 6*a**2 - 409*a - 2108. Give h(-5).
87
Let w(n) = n**2 + 465*n + 3244. Determine w(-7).
38
Let r(t) = 612*t + 2348. Give r(-4).
-100
Let i(d) = 285*d - 2307. Give i(10).
543
Let m(r) = 6*r**3 - 192*r**2 + r - 30. Determine m(32).
2
Let s(o) = -o**3 + 112*o**2 - 428*o - 456. What is s(108)?
-24
Let h(u) = u**2 + 3*u + 58. What is h(-14)?
212
Let b(u) = -4*u**2 + 10*u + 2. Calculate b(5).
-48
Let o(g) = -5*g**2 + 10*g - 19. Calculate o(6).
-139
Let a(m) = 13*m**2 + 1456*m + 7. Determine a(-112).
7
Let n(u) = -u**3 + u**2 + 1445*u - 2887. Determine n(2).
-1
Let o(b) = b**2 - 2*b - 84. What is o(-6)?
-36
Let m(j) = -j**2 - 50*j - 54. Give m(-23).
567
Let h(x) = x**2 - 5*x - 11. Calculate h(5).
-11
Let x(g) = -g**3 - 15*g**2 + 52*g - 2. What is x(4)?
-98
Let j(o) = 114*o**2 - 12425*o - 114. Give j(109).
-5
Let b(g) = -13*g - 4. Determine b(1).
-17
Let u(b) = b**3 - 4*b**2 - b - 307. Give u(0).
-307
Let o(s) = 4696*s - 70430. Calculate o(15).
10
Let p(f) = -f**3 + 14*f**2 - 58*f + 29. What is p(8)?
-51
Let p(h) = 3*h**3 - 472*h**2 + 623*h + 165. Calculate p(156).
9
Let j(q) = -q**2 + 83*q - 1373. Calculate j(23).
7
Let u(l) = l**3 - 8*l**2 - 14*l + 57. Calculate u(9).
12
Let t(v) = 54*v**2 + 115*v - 9. Give t(-3).
132
Let y(i) = i**2 + 48*i - 150. Give y(-51).
3
Let m(n) = -2*n**3 + 43*n**2 - 216*n + 8. Determine m(8).
8
Let b(m) = 83*m + 6380. Give b(-77).
-11
Let b(j) = j**3 + 6*j**2 - j + 53. Give b(-7).
11
Let b(t) = t**3 - 23*t - 2. What is b(-5)?
-12
Let g(y) = -y**3 + 31*y - 2. Calculate g(-4).
-62
Let d(w) = 142*w**2 + 19*w + 57. Calculate d(-3).
1278
Let b(x) = -3*x**2 + 126*x - 959. Determine b(32).
1
Let w(b) = 61*b - 1219. Give w(20).
1
Let v(x) = x**2 + 7*x - 282. Determine v(-21).
12
Let i(k) = k**3 - 7*k**2 + 3*k + 22. What is i(6)?
4
Let v(z) = 38*z**2 - 374*z - 72. Give v(10).
-12
Let p(h) = -95*h - 3721. Calculate p(-39).
-16
Let r(w) = -w**3 - 209*w**2 - 9*w - 1881. Calculate r(-209).
0
Let y(s) = s**3 + 136*s**2 + 549*s + 75. Calculate y(-4).
-9
Let m(g) = g**3 + 32*g**2 - 138*g - 18. Calculate m(4).
6
Let x(c) = -c**2 - 39*c - 85. Give x(-37).
-11
Let o(w) = 12*w**2 + 100*w + 100. Determine o(-7).
-12
Let k(v) = 3*v**3 - 18*v**2 - 13*v + 1. What is k(7)?
57
Let f(a) = -a**3 - 6*a**2 - 4*a - 5. Determine f(-5).
-10
Let k(g) = -2*g - 113. Give k(-15).
-83
Let d(s) = -4*s**2 + 18*s + 53. Give d(-4).
-83
Let j(b) = b**3 + 11*b**2 + 14*b - 108. What is j(-7)?
-10
Let p(m) = 2*m**3 - 217*m**2 - 98*m - 1195. Determine p(109).
4
Let s(u) = 1254*u - 5068. Determine s(4).
-52
Let c(m) = 121*m + 2546. Give c(-21).
5
Let a(t) = t**2 + 6*t - 145. What is a(-17)?
42
Let r(m) = -m**3 + 8*m**2 - 3*m - 27. Calculate r(6).
27
Let z(l) = 136*l - 688. Determine z(5).
-8
Let w(j) = 447*j + 9829. Determine w(-22).
-5
Let l(s) = s**3 + 14*s**2 - 163*s - 870. Calculate l(-20).
-10
Let z(i) = i**3 - 16*i**2 + 26*i - 176. Determine z(15).
-11
Let o(z) = -z**3 + 10*z**2 - 83*z + 304. Calculate o(5).
14
Let n(a) = -5*a**2 - 49*a + 141. Give n(-11).
75
Let l(k) = -15*k**3 + 210*k**2 - 196*k + 10. Calculate l(13).
-3
Let d(g) = -374*g - 48996. Give d(-131).
-2
Let u(s) = -3*s**2 + 158*s + 13. What is u(53)?
-40
Let k(d) = -d**2 - 2*d + 37. What is k(-6)?
13
Let x(b) = 132*b - 6869. What is x(52)?
-5
Let f(o) = -o**3 + 65*o**2 + 126*o + 557. Calculate f(67).
21
Let d(i) = 33*i - 1780. Give d(54).
2
Let w(q) = -77*q**2 - 10*q - 1. Give w(-1).
-68
Let c(h) = -206*h - 2882. Calculate c(-14).
2
Let a(o) = -33*o + 340. Give a(11).
-23
Let k(q) = q**3 + 6*q**2 - 19*q - 13. Give k(3).
11
Let i(z) = -13*z**2 - 340*z - 109. What is i(-25)?
266
Let o(n) = -n**2 - n + 105. Calculate o(0).
105
Let k(u) = u**3 - 17*u**2 - 11*u + 430. Calculate k(16).
-2
Let j(o) = -o**3 - 11*o**2 - 15*o - 12. What is j(-9)?
-39
Let c(l) = -7*l - 105. Calculate c(-16).
7
Let a(o) = -36*o**2 + 5*o + 3. Determine a(2).
-131
Let r(a) = -a**2 + 10*a + 32. Determine r(11).
21
Let g(u) = -244*u + 8484. Calculate g(35).
-56
Let i(t) = t**2 - 11*t + 14. Give i(5).
-16
Let b(f) = -4186*f - 96284. What is b(-23)?
-6
Let x(t) = 2*t**3 - 7*t**2 - t + 5. Calculate x(4).
17
Let y(n) = n**3 + 9*n**2 - 17. Calculate y(-9).
-17
Let i(g) = -g**3 + 33*g**2 + 651*g + 347. Calculate i(47).
18
Let z(s) = -s**2 + 10*s - 51. Determine z(6).
-27
Let o(r) = 136*r**2 + 268*r + 1. Calculate o(-2).
9
Let o(j) = -145*j - 1024. Determine o(-7).
-9
Let k(m) = m**3 + 30*m**2 - 31*m - 15. Give k(-31).
-15
Let b(d) = d**2 - 21*d + 38. Calculate b(22).
60
Let j(p) = -2*p**3 + 29*p**2 + 19*p + 3. Give j(15).
63
Let u(f) = 2*f**3 - 130*f**2 - 132*f - 97. Calculate u(66).
-97
Let x(b) = -b**3 + 18*b**2 + 8*b + 44. Determine x(16).
684
Let k(q) = -149*q + 1476. Give k(10).
-14
Let y(o) = 1244*o - 27363. Calculate y(22).
5
Let g(l) = -3*l**3 + 7*l**2 + 102*l + 16. Determine g(-6).
304
Let s(c) = 862*c + 6014. Calculate s(-7).
-20
Let i(o) = -o**3 + 6*o**2 - 20*o + 62. What is i(5)?
-13
Let d(h) = -3*h**3 - 38*h**2 - 25*h - 153. Determine d(-7).
-811
Let x(u) = 901*u - 6300. Determine x(7).
7
Let b(a) = 68*a + 1742. Give b(-26).
-26
Let a(f) = f**3 + 63*f**2 + 23*f + 1459. Determine a(-63).
10
Let b(d) = -3858*d - 77164. Calculate b(-20).
-4
Let b(r) = 80*r + 3149. Calculate b(-42).
-211
Let h(q) = 53*q + 848. Give h(-18).
-106
Let q(l) = -l**3 + 4*l**2 + 6*l + 2. Calculate q(-2).
14
Let j(c) = -11*c**2 - 5*c + 4. Give j(3).
-110
Let c(n) = -n**3 - 61*n**2 - 227*n + 58. Calculate c(-57).
1
Let h(d) = -d**3 + d**2 + 135*d + 31. What is h(-10)?
-219
Let l(j) = j**3 + 50*j**2 - 7*j - 333. Calculate l(-50).
17
Let n(u) = -16*u + 447. Calculate n(34).
-97
Let h(k) = 2*k**3 + 20*k**2 - 10*k - 13. What is h(-11)?
-145
Let u(m) = 86*m + 53. Give u(-1).
-33
Let j(i) = i**2 + 8*i - 20. What is j(-11)?
13
Let i(s) = 2*s**2 - 4*s + 2. Determine i(-6).
98
Let g(u) = u**3 + 46*u**2 + 22*u - 984. Calculate g(-45).
51
Let q(b) = b**3 - 77*b**2 + 361*b - 72. Give q(72).
0
Let v(g) = -g**3 - 129*g**2 - 1809*g - 37. What is v(-16)?
-21
Let c(n) = -n**3 - 31*n**2 + 251*n + 113. What is c(7)?
8
Let g(i) = -i**3 + 49*i**2 + 102*i + 26. Calculate g(51).
26
Let w(k) = -k**3 - 10*k**2 + 79*k + 760. Determine w(-9).
-32
Let i(k) = 18*k**2 - 17*k + 51. What is i(3)?
162
Let f(i) = -192*i - 1763. Give f(-11).
349
Let u(d) = d**3 + 3*d**2 - 93*d + 53. Give u(8).
13
Let v(p) = 974*p - 7. What is v(0)?
-7
Let q(y) = -2*y**3 + 9*y**2 + 29*y + 18. Calculate q(-3).
66
Let t(v) = -v**2 + 56*v + 36. Calculate t(57).
-21
Let f(b) = 7*b**2 + 466*b + 218. Calculate f(-66).
-46
Let d(a) = -7*a**2 + 13*a + 42. Give d(-4).
-122
Let i(l) = l**2 + 17*l - 17. Give i(-20).
43
Let m(p) = 26*p**2 + 337*p - 49. What is m(-13)?
-36
Let j(t) = -t**2 + 65*t + 1587. What is j(84)?
-9
Let q(s) = s**2 + 3*s - 19. Determine q(-13).
111
Let f(n) = n**2 - 1500*n - 13637. Calculate